{"id":181,"date":"2026-02-28T10:14:32","date_gmt":"2026-02-28T09:14:32","guid":{"rendered":"http:\/\/heklafest.pl\/?page_id=181"},"modified":"2026-03-02T08:59:53","modified_gmt":"2026-03-02T07:59:53","slug":"warkoczowe-abcadlo","status":"publish","type":"page","link":"https:\/\/heklafest.pl\/?page_id=181","title":{"rendered":"Warkoczowe ABCad\u0142o"},"content":{"rendered":"\n<p>21 marca 2026, Hala MOSiR, godz. 10:00<\/p>\n\n\n\n<figure class=\"wp-block-image size-full\"><img loading=\"lazy\" decoding=\"async\" width=\"940\" height=\"788\" src=\"http:\/\/heklafest.pl\/wp-content\/uploads\/2026\/02\/1000039320.png\" alt=\"\" class=\"wp-image-182\" srcset=\"https:\/\/heklafest.pl\/wp-content\/uploads\/2026\/02\/1000039320.png 940w, https:\/\/heklafest.pl\/wp-content\/uploads\/2026\/02\/1000039320-300x251.png 300w, https:\/\/heklafest.pl\/wp-content\/uploads\/2026\/02\/1000039320-768x644.png 768w\" sizes=\"auto, (max-width: 940px) 100vw, 940px\" \/><\/figure>\n\n\n\n<p>Warsztaty z Joann\u0105 Mi\u015b<\/p>\n\n\n\n<p>Szyde\u0142k.Asia<\/p>\n\n\n\n<p>\u200bCh\u0142odne dni nie musz\u0105 oznacza\u0107 nudy w szafie! Zapraszam Ci\u0119 na wyj\u0105tkowe warsztaty dziewiarskie, podczas kt\u00f3rych nauczysz si\u0119, jak zamieni\u0107 proste oczka w tr\u00f3jwymiarowe arcydzie\u0142o.<\/p>\n\n\n\n<p>\u200bCzy to warsztaty dla Ciebie?<\/p>\n\n\n\n<p>Je\u015bli znasz absolutne podstawy, czyli potrafisz przerabia\u0107 oczka prawe i oczka lewe \u2013 tak, poradzisz sobie idealnie! Moim celem jest pokazanie Ci, jak z tych dw\u00f3ch prostych ruch\u00f3w stworzy\u0107 wypuk\u0142\u0105, mi\u0119sist\u0105 struktur\u0119.<\/p>\n\n\n\n<p>\u200bCo b\u0119dziemy robi\u0107?<\/p>\n\n\n\n<p>Razem stworzymy stylow\u0105 ,,Otulink\u0119,, ,kt\u00f3ra nie pozwoli Twojej szyi zmarzn\u0105\u0107. Naucz\u0119 Ci\u0119 techniki, dzi\u0119ki kt\u00f3rej Twoja dzianina nabierze tr\u00f3jwymiarowo\u015bci i profesjonalnego wygl\u0105du.<\/p>\n\n\n\n<p>\u200bCo musisz zabra\u0107?<\/p>\n\n\n\n<p>Tylko swoje ukochane druty w rozmiarze 4,5 &#8211; 5 i drucik pomocniczy. O ca\u0142\u0105 reszt\u0119 (w\u0142\u00f3czk\u0119 i merytoryk\u0119) zadbam ja i sponsor w\u0142\u00f3czki na nasze warsztaty.<\/p>\n\n\n\n<p>\u200b\ud83e\uddf6 Szczeg\u00f3\u0142y Warsztat\u00f3w:<\/p>\n\n\n\n<p>\u200bNazwa: Warkoczowe Abecad\u0142o<\/p>\n\n\n\n<p>\u200bProwadz\u0105ca: Joanna Mi\u015b Szyde\u0142k.Asia<\/p>\n\n\n\n<p>\u200bPoziom: Podstawowy (wymagana znajomo\u015b\u0107 oczek prawych i lewych)<\/p>\n\n\n\n<p>\u200bProjekt: Ciep\u0142a i stylowa , Otulinka,, na ch\u0142odne dni<\/p>\n\n\n\n<p>W\u0142\u00f3czk\u0119 zapewni: <a href=\"http:\/\/www.agamotki.pl\">Agamotki<\/a><\/p>\n\n\n\n<p>Naucz si\u0119 tworzy\u0107 sploty, kt\u00f3re przyci\u0105gaj\u0105 wzrok!<\/p>\n\n\n\n<p>Ilo\u015b\u0107 miejsc: 10<\/p>\n\n\n<noscript class=\"ninja-forms-noscript-message\">\n\tNotice: JavaScript is required for this content.<\/noscript>\n<p>Osi\u0105gni\u0119to limit uczestnik\u00f3w warsztat\u00f3w<\/p>","protected":false},"excerpt":{"rendered":"<p>21 marca 2026, Hala MOSiR, godz. 10:00 Warsztaty z Joann\u0105 Mi\u015b Szyde\u0142k.Asia \u200bCh\u0142odne dni nie musz\u0105 oznacza\u0107 nudy w szafie! Zapraszam Ci\u0119 na wyj\u0105tkowe warsztaty dziewiarskie, podczas kt\u00f3rych nauczysz si\u0119, jak zamieni\u0107 proste oczka w tr\u00f3jwymiarowe arcydzie\u0142o. \u200bCzy to warsztaty dla Ciebie? Je\u015bli znasz absolutne podstawy, czyli potrafisz przerabia\u0107 oczka prawe i oczka lewe \u2013 tak, poradzisz sobie idealnie! Moim celem jest pokazanie Ci, jak z tych dw\u00f3ch prostych ruch\u00f3w stworzy\u0107 wypuk\u0142\u0105, mi\u0119sist\u0105 struktur\u0119. \u200bCo b\u0119dziemy robi\u0107? Razem stworzymy stylow\u0105 ,,Otulink\u0119,, ,kt\u00f3ra nie pozwoli Twojej szyi zmarzn\u0105\u0107. Naucz\u0119 Ci\u0119 techniki, dzi\u0119ki kt\u00f3rej Twoja dzianina nabierze tr\u00f3jwymiarowo\u015bci i profesjonalnego wygl\u0105du. \u200bCo musisz zabra\u0107? Tylko swoje ukochane druty w rozmiarze 4,5 &#8211; 5 i drucik pomocniczy. O ca\u0142\u0105 reszt\u0119 (w\u0142\u00f3czk\u0119 i merytoryk\u0119) zadbam ja i sponsor w\u0142\u00f3czki na nasze warsztaty. \u200b\ud83e\uddf6 Szczeg\u00f3\u0142y Warsztat\u00f3w: \u200bNazwa: Warkoczowe Abecad\u0142o \u200bProwadz\u0105ca: Joanna Mi\u015b Szyde\u0142k.Asia \u200bPoziom: Podstawowy (wymagana znajomo\u015b\u0107 oczek prawych i lewych) \u200bProjekt: Ciep\u0142a i stylowa , Otulinka,, na ch\u0142odne dni W\u0142\u00f3czk\u0119 zapewni: Agamotki Naucz si\u0119 tworzy\u0107 sploty, kt\u00f3re przyci\u0105gaj\u0105 wzrok! Ilo\u015b\u0107 miejsc: 10<\/p>\n","protected":false},"author":1,"featured_media":0,"parent":0,"menu_order":0,"comment_status":"closed","ping_status":"closed","template":"","meta":{"footnotes":""},"class_list":["post-181","page","type-page","status-publish","hentry"],"_links":{"self":[{"href":"https:\/\/heklafest.pl\/index.php?rest_route=\/wp\/v2\/pages\/181","targetHints":{"allow":["GET"]}}],"collection":[{"href":"https:\/\/heklafest.pl\/index.php?rest_route=\/wp\/v2\/pages"}],"about":[{"href":"https:\/\/heklafest.pl\/index.php?rest_route=\/wp\/v2\/types\/page"}],"author":[{"embeddable":true,"href":"https:\/\/heklafest.pl\/index.php?rest_route=\/wp\/v2\/users\/1"}],"replies":[{"embeddable":true,"href":"https:\/\/heklafest.pl\/index.php?rest_route=%2Fwp%2Fv2%2Fcomments&post=181"}],"version-history":[{"count":6,"href":"https:\/\/heklafest.pl\/index.php?rest_route=\/wp\/v2\/pages\/181\/revisions"}],"predecessor-version":[{"id":276,"href":"https:\/\/heklafest.pl\/index.php?rest_route=\/wp\/v2\/pages\/181\/revisions\/276"}],"wp:attachment":[{"href":"https:\/\/heklafest.pl\/index.php?rest_route=%2Fwp%2Fv2%2Fmedia&parent=181"}],"curies":[{"name":"wp","href":"https:\/\/api.w.org\/{rel}","templated":true}]}}